{"id":132,"date":"2020-06-13T05:36:25","date_gmt":"2020-06-13T05:36:25","guid":{"rendered":"https:\/\/senit.hu\/?page_id=132"},"modified":"2022-07-15T13:53:06","modified_gmt":"2022-07-15T13:53:06","slug":"energiamenedzsment","status":"publish","type":"page","link":"https:\/\/senit.hu\/?page_id=132","title":{"rendered":"Energiamenedzsment"},"content":{"rendered":"\t\t<div data-elementor-type=\"wp-page\" data-elementor-id=\"132\" class=\"elementor elementor-132\">\n\t\t\t\t\t\t<section class=\"elementor-section elementor-top-section elementor-element elementor-element-3116a41 elementor-section-stretched elementor-section-full_width elementor-section-height-min-height elementor-section-height-default elementor-section-items-middle\" data-id=\"3116a41\" data-element_type=\"section\" data-e-type=\"section\" data-settings=\"{&quot;stretch_section&quot;:&quot;section-stretched&quot;,&quot;background_background&quot;:&quot;classic&quot;}\">\n\t\t\t\t\t\t\t<div class=\"elementor-background-overlay\"><\/div>\n\t\t\t\t\t\t\t<div class=\"elementor-container elementor-column-gap-default\">\n\t\t\t\t\t<div class=\"elementor-column elementor-col-100 elementor-top-column elementor-element elementor-element-d75a692\" data-id=\"d75a692\" data-element_type=\"column\" data-e-type=\"column\">\n\t\t\t<div class=\"elementor-widget-wrap elementor-element-populated\">\n\t\t\t\t\t\t<div class=\"elementor-element elementor-element-ad59a7b elementor-widget elementor-widget-heading\" data-id=\"ad59a7b\" data-element_type=\"widget\" data-e-type=\"widget\" data-widget_type=\"heading.default\">\n\t\t\t\t<div class=\"elementor-widget-container\">\n\t\t\t\t\t<h2 class=\"elementor-heading-title elementor-size-default\">Energiamenedzsment<\/h2>\t\t\t\t<\/div>\n\t\t\t\t<\/div>\n\t\t\t\t\t<\/div>\n\t\t<\/div>\n\t\t\t\t\t<\/div>\n\t\t<\/section>\n\t\t\t\t<section class=\"elementor-section elementor-top-section elementor-element elementor-element-b37055f elementor-section-boxed elementor-section-height-default elementor-section-height-default\" data-id=\"b37055f\" data-element_type=\"section\" data-e-type=\"section\" data-settings=\"{&quot;background_background&quot;:&quot;classic&quot;}\">\n\t\t\t\t\t\t<div class=\"elementor-container elementor-column-gap-default\">\n\t\t\t\t\t<div class=\"elementor-column elementor-col-100 elementor-top-column elementor-element elementor-element-9e366e0\" data-id=\"9e366e0\" data-element_type=\"column\" data-e-type=\"column\">\n\t\t\t<div class=\"elementor-widget-wrap elementor-element-populated\">\n\t\t\t\t\t\t<div class=\"elementor-element elementor-element-efc6ad6 elementor-widget elementor-widget-text-editor\" data-id=\"efc6ad6\" data-element_type=\"widget\" data-e-type=\"widget\" data-widget_type=\"text-editor.default\">\n\t\t\t\t<div class=\"elementor-widget-container\">\n\t\t\t\t\t\t\t\t\t<h3>Er\u0151forr\u00e1saink felhaszn\u00e1l\u00e1sa hat\u00e1rozza meg gyermekeink j\u00f6v\u0151j\u00e9t.<\/h3><p>Az egyik legnagyobb feladatunk az energia felhaszn\u00e1l\u00e1sunk optimaliz\u00e1l\u00e1sa. V\u00e1llalati \u00fczemeltet\u00e9si ter\u00fcleten is elv\u00e1r\u00e1s, hogy a c\u00e9gek \u00fagy n\u00f6velj\u00e9k hat\u00e9konys\u00e1gukat, hogy ezzel p\u00e1rhuzamosan energiafelhaszn\u00e1l\u00e1sukat cs\u00f6kkentik. Ehhez elengedhetetlen\u00fcl sz\u00fcks\u00e9ges a naprak\u00e9sz m\u0171k\u00f6d\u00e9si inform\u00e1ci\u00f3k el\u00e9r\u00e9se \u00e9s r\u00f6gz\u00edt\u00e9se, kimutat\u00e1sok k\u00e9sz\u00edt\u00e9se, amelyek alapj\u00e1n objekt\u00edv \u00e9s a v\u00e1llalat sz\u00e1m\u00e1ra el\u0151remutat\u00f3 d\u00f6nt\u00e9sek hozhat\u00f3k.<\/p><p><img fetchpriority=\"high\" decoding=\"async\" class=\"aligncenter wp-image-523 size-medium\" src=\"https:\/\/senit.hu\/wp-content\/uploads\/2020\/09\/unnamed-7-300x182.jpg\" alt=\"energiamonitoring szoftver alm\u00e9r\u0151k adatgy\u0171jt\u00e9se energiamenedzsment\" width=\"300\" height=\"182\" srcset=\"https:\/\/senit.hu\/wp-content\/uploads\/2020\/09\/unnamed-7-300x182.jpg 300w, https:\/\/senit.hu\/wp-content\/uploads\/2020\/09\/unnamed-7.jpg 512w\" sizes=\"(max-width: 300px) 85vw, 300px\" \/><\/p><p>Az energiam\u00e9r\u00e9sek jogszab\u00e1lyban meghat\u00e1rozott, valid\u00e1lt m\u00e9r\u0151kkel t\u00f6rt\u00e9nnek, term\u00e9szetesen a t\u00e1g k\u00f6rben el\u00e9rhet\u0151k alm\u00e9r\u0151i \u00f3r\u00e1ink az egyszer\u0171bb kivitelt\u0151l a cs\u00facstechnol\u00f3gi\u00e1ig, hogy teljesk\u00f6r\u0171en szolg\u00e1ljuk ki partnereinket. Ak\u00e1r m\u00e1sodpercenk\u00e9nti m\u00e9r\u00e9sre is lehet\u0151s\u00e9g van 0.1-1%-os hibahat\u00e1r mellett. C\u00e9g\u00fcnk elk\u00f6telezett h\u00edve annak, hogy az alm\u00e9r\u0151k telep\u00edt\u00e9si k\u00f6telezetts\u00e9ge mellett, (1\/2020 <a href=\"http:\/\/www.magyarkozlony.hu\">MEKH-rendelet<\/a>) egy olyan eszk\u00f6zcsomagot telep\u00edtsen, amely nem csak az alm\u00e9r\u0151k adatgy\u0171jt\u00e9s\u00e9t \u00e9s adattov\u00e1bb\u00edt\u00e1s\u00e1t teszi lehet\u0151v\u00e9, hanem csatlakoztathat\u00f3k r\u00e1 tov\u00e1bbi m\u00e9r\u00e9si vagy vez\u00e9rl\u00e9si pontok, \u00edgy az adott g\u00e9pcsoportokb\u00f3l hibajelek, v\u00e9szle\u00e1ll\u00e1sok \u00e9s nem megfelel\u0151 m\u0171k\u00f6d\u00e9si mint\u00e1k is kiolvashat\u00f3k. \u00cdgy egy k\u00f6telez\u0151 m\u00e9r\u00e9s mellett, tov\u00e1bbi hasznos inform\u00e1ci\u00f3k is kiolvashat\u00f3k, amelyek a k\u00f6lts\u00e9gcs\u00f6kkent\u00e9sben \u00e9s a profitn\u00f6veked\u00e9sben seg\u00edthetik a v\u00e1llalkoz\u00f3kat.\u00a0<\/p><p><img decoding=\"async\" class=\"alignright\" src=\"http:\/\/automatika.hu\/wp-content\/uploads\/2018\/10\/energia_1.png\" alt=\"energiamonitoring szoftver energiamenedzsment alm\u00e9r\u0151k adatgy\u0171jt\u00e9s\" width=\"620\" height=\"350\" \/><\/p><div class=\"col-xs-12 col-md-6 content\"><p><b>Az energiamenedzsment rendszerek alapvet\u0151 funkci\u00f3ja teh\u00e1t a m\u00e9r\u00e9sadatgy\u0171jt\u00e9s, kimutat\u00e1sok gy\u0171jt\u00e9se, valamint ezek hozz\u00e1f\u00e9rhet\u0151v\u00e9 t\u00e9tele a c\u00e9gvezet\u0151k \u00e9s d\u00f6nt\u00e9shoz\u00f3k sz\u00e1m\u00e1ra. <\/b>Alapesetben teh\u00e1t a rendszer nem avatkozik bele a monitorozott folyamatokba, csup\u00e1n adatokat gy\u0171jtenek r\u00f3la \u00e9s elemzik.<\/p><p>A k\u00f6vetkez\u0151 szintje a folyamatmenedzsel\u00e9snek, amikor a rendszer akt\u00edvan, emberi k\u00f6zbel\u00e9p\u00e9s n\u00e9lk\u00fcl automatikusan k\u00e9pes beavatkozni a folyamatokba, teh\u00e1t a m\u00e9rt \u00e9s t\u00e1rolt adatok alapj\u00e1n d\u00f6nt\u00e9st hozni. \u00cdgy a be\u00e1ll\u00edtott optim\u00e1lis param\u00e9terek \u00e9s hat\u00e1r\u00e9rt\u00e9kek alapj\u00e1n a monitoroz\u00f3 rendszer korrig\u00e1lni tudja a gy\u00e1rt\u00e1st\/m\u0171k\u00f6d\u00e9st, ezzel energi\u00e1t \u00e9s nem utols\u00f3sorban k\u00f6lts\u00e9geket takar\u00edt meg.<\/p><p>A Senit Kft. \u00e1ltal haszn\u00e1lt\u00a0<a href=\"http:\/\/www.automatika.hu\">PASS SCADA<\/a> komplex energetikai rendszerk\u00e9nt vagy <b>megl\u00e9v\u0151 energetikai rendszerek \u00f6sszefog\u00e1s\u00e1ra, fel\u00fcgyelet\u00e9re is haszn\u00e1lhat\u00f3<\/b>. <a href=\"https:\/\/senit.hu\/energiamonitoring-avagy-a-mekh-rendelet-erthetoen\/\">EMS modul<\/a>ja lehet\u0151v\u00e9 teszi a fogyaszt\u00e1sok <b>egyedi kontrollj\u00e1t, elemz\u00e9s\u00e9t, riportoz\u00e1s\u00e1t<\/b>. A k\u00fcl\u00f6nb\u00f6z\u0151 k\u00f6lts\u00e9ghelyek megjelen\u00edthet\u0151k, ezenfel\u00fcl \u00fczemcsarnokokra, termekre, helyis\u00e9gekre de ak\u00e1r g\u00e9pekre lebontva is lehet\u0151s\u00e9g van a fogyaszt\u00e1sm\u00e9r\u00e9sre.<\/p><\/div><div class=\"col-xs-12 col-md-6 content\"><h3>Fenntarthat\u00f3 fejl\u0151d\u00e9s<\/h3><p>A fent eml\u00edtett folyamatoptimaliz\u00e1l\u00e1si t\u00f6rekv\u00e9sek a fenntarthat\u00f3 fejl\u0151d\u00e9s jegy\u00e9ben sz\u00fcletnek: c\u00e9ljuk, hogy a jelenkori sz\u00fcks\u00e9gleteket \u00fagy tudjuk kiel\u00e9g\u00edteni, hogy az ne ig\u00e9nyeljen a sz\u00fcks\u00e9gest meghalad\u00f3 er\u0151forr\u00e1st \u00e9s energi\u00e1t, \u00edgy az elk\u00f6vetkez\u0151 nemzed\u00e9kek sz\u00e1m\u00e1ra is megmarad a lehet\u0151s\u00e9g, hogy saj\u00e1t sz\u00fcks\u00e9gleteit fedezni tudja. A kih\u00edv\u00e1s ezen t\u00f6rekv\u00e9sek el\u00e9r\u00e9s\u00e9ben az, hogy a m\u00e9rs\u00e9kelt energiafelhaszn\u00e1l\u00e1s egy\u00fattal ne jelentse a termel\u00e9kenys\u00e9g \u00e9s a v\u00e1llalat versenyk\u00e9pess\u00e9g\u00e9nek cs\u00f6kken\u00e9s\u00e9t. Ezt oly m\u00f3don \u00e9rhetj\u00fck el, ha a v\u00e1llalati fejl\u0151d\u00e9snek strat\u00e9giai eleme a fenntarthat\u00f3s\u00e1g. Emiatt az energiaoptimaliz\u00e1l\u00e1sban seg\u00edt\u0151 rendszerek nem csup\u00e1n el\u0151rel\u00e9p\u00e9st jelentenek, de alapvet\u0151 k\u00f6rnyezettudatos funkci\u00f3kat is ell\u00e1tnak.<\/p><\/div>\t\t\t\t\t\t\t\t<\/div>\n\t\t\t\t<\/div>\n\t\t\t\t\t<\/div>\n\t\t<\/div>\n\t\t\t\t\t<\/div>\n\t\t<\/section>\n\t\t\t\t<\/div>\n\t\t","protected":false},"excerpt":{"rendered":"<p>Energiamenedzsment Er\u0151forr\u00e1saink felhaszn\u00e1l\u00e1sa hat\u00e1rozza meg gyermekeink j\u00f6v\u0151j\u00e9t. Az egyik legnagyobb feladatunk az energia felhaszn\u00e1l\u00e1sunk optimaliz\u00e1l\u00e1sa. V\u00e1llalati \u00fczemeltet\u00e9si ter\u00fcleten is elv\u00e1r\u00e1s, hogy a c\u00e9gek \u00fagy n\u00f6velj\u00e9k hat\u00e9konys\u00e1gukat, hogy ezzel p\u00e1rhuzamosan energiafelhaszn\u00e1l\u00e1sukat cs\u00f6kkentik. Ehhez elengedhetetlen\u00fcl sz\u00fcks\u00e9ges a naprak\u00e9sz m\u0171k\u00f6d\u00e9si inform\u00e1ci\u00f3k el\u00e9r\u00e9se \u00e9s r\u00f6gz\u00edt\u00e9se, kimutat\u00e1sok k\u00e9sz\u00edt\u00e9se, amelyek alapj\u00e1n objekt\u00edv \u00e9s a v\u00e1llalat sz\u00e1m\u00e1ra el\u0151remutat\u00f3 d\u00f6nt\u00e9sek hozhat\u00f3k. Az energiam\u00e9r\u00e9sek &hellip; <a href=\"https:\/\/senit.hu\/?page_id=132\" class=\"more-link\"><span class=\"screen-reader-text\">&#8222;Energiamenedzsment&#8221;<\/span> b\u0151vebben<\/a><\/p>\n","protected":false},"author":3,"featured_media":0,"parent":0,"menu_order":0,"comment_status":"closed","ping_status":"closed","template":"elementor_canvas","meta":{"_monsterinsights_skip_tracking":false,"_monsterinsights_sitenote_active":false,"_monsterinsights_sitenote_note":"","_monsterinsights_sitenote_category":0,"footnotes":""},"class_list":["post-132","page","type-page","status-publish","hentry"],"yoast_head":"<!-- This site is optimized with the Yoast SEO plugin v27.4 - https:\/\/yoast.com\/product\/yoast-seo-wordpress\/ -->\n<title>Energiamenedzsment \u00e9s Energiamonitoring - Senit - iT, oT, IoT<\/title>\n<meta name=\"description\" content=\"Az energiamenedzsment manaps\u00e1g m\u00e1r rendeletileg is szab\u00e1lyozva van. Energiamonitoring rendszer\u00fcnk m\u00e1s eszk\u00f6z\u00f6kkel is csatlakoztathat\u00f3\" \/>\n<meta name=\"robots\" content=\"index, follow, max-snippet:-1, max-image-preview:large, max-video-preview:-1\" \/>\n<link rel=\"canonical\" href=\"https:\/\/senit.hu\/?page_id=132\" \/>\n<meta property=\"og:locale\" content=\"hu_HU\" \/>\n<meta property=\"og:type\" content=\"article\" \/>\n<meta property=\"og:title\" content=\"Energiamenedzsment \u00e9s Energiamonitoring - Senit - iT, oT, IoT\" \/>\n<meta property=\"og:description\" content=\"Az energiamenedzsment manaps\u00e1g m\u00e1r rendeletileg is szab\u00e1lyozva van. Energiamonitoring rendszer\u00fcnk m\u00e1s eszk\u00f6z\u00f6kkel is csatlakoztathat\u00f3\" \/>\n<meta property=\"og:url\" content=\"https:\/\/senit.hu\/?page_id=132\" \/>\n<meta property=\"og:site_name\" content=\"Senit - iT, oT, IoT\" \/>\n<meta property=\"article:modified_time\" content=\"2022-07-15T13:53:06+00:00\" \/>\n<meta property=\"og:image\" content=\"https:\/\/senit.hu\/wp-content\/uploads\/2020\/09\/unnamed-7-300x182.jpg\" \/>\n<meta name=\"twitter:card\" content=\"summary_large_image\" \/>\n<meta name=\"twitter:label1\" content=\"Becs\u00fclt olvas\u00e1si id\u0151\" \/>\n\t<meta name=\"twitter:data1\" content=\"3 perc\" \/>\n<script type=\"application\/ld+json\" class=\"yoast-schema-graph\">{\"@context\":\"https:\\\/\\\/schema.org\",\"@graph\":[{\"@type\":\"WebPage\",\"@id\":\"https:\\\/\\\/senit.hu\\\/?page_id=132\",\"url\":\"https:\\\/\\\/senit.hu\\\/?page_id=132\",\"name\":\"Energiamenedzsment \u00e9s Energiamonitoring - Senit - iT, oT, IoT\",\"isPartOf\":{\"@id\":\"https:\\\/\\\/senit.hu\\\/#website\"},\"primaryImageOfPage\":{\"@id\":\"https:\\\/\\\/senit.hu\\\/?page_id=132#primaryimage\"},\"image\":{\"@id\":\"https:\\\/\\\/senit.hu\\\/?page_id=132#primaryimage\"},\"thumbnailUrl\":\"https:\\\/\\\/senit.hu\\\/wp-content\\\/uploads\\\/2020\\\/09\\\/unnamed-7-300x182.jpg\",\"datePublished\":\"2020-06-13T05:36:25+00:00\",\"dateModified\":\"2022-07-15T13:53:06+00:00\",\"description\":\"Az energiamenedzsment manaps\u00e1g m\u00e1r rendeletileg is szab\u00e1lyozva van. Energiamonitoring rendszer\u00fcnk m\u00e1s eszk\u00f6z\u00f6kkel is csatlakoztathat\u00f3\",\"breadcrumb\":{\"@id\":\"https:\\\/\\\/senit.hu\\\/?page_id=132#breadcrumb\"},\"inLanguage\":\"hu\",\"potentialAction\":[{\"@type\":\"ReadAction\",\"target\":[\"https:\\\/\\\/senit.hu\\\/?page_id=132\"]}]},{\"@type\":\"ImageObject\",\"inLanguage\":\"hu\",\"@id\":\"https:\\\/\\\/senit.hu\\\/?page_id=132#primaryimage\",\"url\":\"https:\\\/\\\/senit.hu\\\/wp-content\\\/uploads\\\/2020\\\/09\\\/unnamed-7-300x182.jpg\",\"contentUrl\":\"https:\\\/\\\/senit.hu\\\/wp-content\\\/uploads\\\/2020\\\/09\\\/unnamed-7-300x182.jpg\"},{\"@type\":\"BreadcrumbList\",\"@id\":\"https:\\\/\\\/senit.hu\\\/?page_id=132#breadcrumb\",\"itemListElement\":[{\"@type\":\"ListItem\",\"position\":1,\"name\":\"Kezd\u0151lap\",\"item\":\"https:\\\/\\\/senit.hu\\\/\"},{\"@type\":\"ListItem\",\"position\":2,\"name\":\"Energiamenedzsment\"}]},{\"@type\":\"WebSite\",\"@id\":\"https:\\\/\\\/senit.hu\\\/#website\",\"url\":\"https:\\\/\\\/senit.hu\\\/\",\"name\":\"Senit - iT, oT, IoT\",\"description\":\"Senit Kft. - iT, oT, IoT\",\"publisher\":{\"@id\":\"https:\\\/\\\/senit.hu\\\/#organization\"},\"potentialAction\":[{\"@type\":\"SearchAction\",\"target\":{\"@type\":\"EntryPoint\",\"urlTemplate\":\"https:\\\/\\\/senit.hu\\\/?s={search_term_string}\"},\"query-input\":{\"@type\":\"PropertyValueSpecification\",\"valueRequired\":true,\"valueName\":\"search_term_string\"}}],\"inLanguage\":\"hu\"},{\"@type\":\"Organization\",\"@id\":\"https:\\\/\\\/senit.hu\\\/#organization\",\"name\":\"Senit - iT, oT, IoT\",\"url\":\"https:\\\/\\\/senit.hu\\\/\",\"logo\":{\"@type\":\"ImageObject\",\"inLanguage\":\"hu\",\"@id\":\"https:\\\/\\\/senit.hu\\\/#\\\/schema\\\/logo\\\/image\\\/\",\"url\":\"https:\\\/\\\/senit.hu\\\/wp-content\\\/uploads\\\/2020\\\/06\\\/cropped-cropped-senit_logo-masolat.png\",\"contentUrl\":\"https:\\\/\\\/senit.hu\\\/wp-content\\\/uploads\\\/2020\\\/06\\\/cropped-cropped-senit_logo-masolat.png\",\"width\":240,\"height\":240,\"caption\":\"Senit - iT, oT, IoT\"},\"image\":{\"@id\":\"https:\\\/\\\/senit.hu\\\/#\\\/schema\\\/logo\\\/image\\\/\"}}]}<\/script>\n<!-- \/ Yoast SEO plugin. -->","yoast_head_json":{"title":"Energiamenedzsment \u00e9s Energiamonitoring - Senit - iT, oT, IoT","description":"Az energiamenedzsment manaps\u00e1g m\u00e1r rendeletileg is szab\u00e1lyozva van. Energiamonitoring rendszer\u00fcnk m\u00e1s eszk\u00f6z\u00f6kkel is csatlakoztathat\u00f3","robots":{"index":"index","follow":"follow","max-snippet":"max-snippet:-1","max-image-preview":"max-image-preview:large","max-video-preview":"max-video-preview:-1"},"canonical":"https:\/\/senit.hu\/?page_id=132","og_locale":"hu_HU","og_type":"article","og_title":"Energiamenedzsment \u00e9s Energiamonitoring - Senit - iT, oT, IoT","og_description":"Az energiamenedzsment manaps\u00e1g m\u00e1r rendeletileg is szab\u00e1lyozva van. Energiamonitoring rendszer\u00fcnk m\u00e1s eszk\u00f6z\u00f6kkel is csatlakoztathat\u00f3","og_url":"https:\/\/senit.hu\/?page_id=132","og_site_name":"Senit - iT, oT, IoT","article_modified_time":"2022-07-15T13:53:06+00:00","og_image":[{"url":"https:\/\/senit.hu\/wp-content\/uploads\/2020\/09\/unnamed-7-300x182.jpg","type":"","width":"","height":""}],"twitter_card":"summary_large_image","twitter_misc":{"Becs\u00fclt olvas\u00e1si id\u0151":"3 perc"},"schema":{"@context":"https:\/\/schema.org","@graph":[{"@type":"WebPage","@id":"https:\/\/senit.hu\/?page_id=132","url":"https:\/\/senit.hu\/?page_id=132","name":"Energiamenedzsment \u00e9s Energiamonitoring - Senit - iT, oT, IoT","isPartOf":{"@id":"https:\/\/senit.hu\/#website"},"primaryImageOfPage":{"@id":"https:\/\/senit.hu\/?page_id=132#primaryimage"},"image":{"@id":"https:\/\/senit.hu\/?page_id=132#primaryimage"},"thumbnailUrl":"https:\/\/senit.hu\/wp-content\/uploads\/2020\/09\/unnamed-7-300x182.jpg","datePublished":"2020-06-13T05:36:25+00:00","dateModified":"2022-07-15T13:53:06+00:00","description":"Az energiamenedzsment manaps\u00e1g m\u00e1r rendeletileg is szab\u00e1lyozva van. Energiamonitoring rendszer\u00fcnk m\u00e1s eszk\u00f6z\u00f6kkel is csatlakoztathat\u00f3","breadcrumb":{"@id":"https:\/\/senit.hu\/?page_id=132#breadcrumb"},"inLanguage":"hu","potentialAction":[{"@type":"ReadAction","target":["https:\/\/senit.hu\/?page_id=132"]}]},{"@type":"ImageObject","inLanguage":"hu","@id":"https:\/\/senit.hu\/?page_id=132#primaryimage","url":"https:\/\/senit.hu\/wp-content\/uploads\/2020\/09\/unnamed-7-300x182.jpg","contentUrl":"https:\/\/senit.hu\/wp-content\/uploads\/2020\/09\/unnamed-7-300x182.jpg"},{"@type":"BreadcrumbList","@id":"https:\/\/senit.hu\/?page_id=132#breadcrumb","itemListElement":[{"@type":"ListItem","position":1,"name":"Kezd\u0151lap","item":"https:\/\/senit.hu\/"},{"@type":"ListItem","position":2,"name":"Energiamenedzsment"}]},{"@type":"WebSite","@id":"https:\/\/senit.hu\/#website","url":"https:\/\/senit.hu\/","name":"Senit - iT, oT, IoT","description":"Senit Kft. - iT, oT, IoT","publisher":{"@id":"https:\/\/senit.hu\/#organization"},"potentialAction":[{"@type":"SearchAction","target":{"@type":"EntryPoint","urlTemplate":"https:\/\/senit.hu\/?s={search_term_string}"},"query-input":{"@type":"PropertyValueSpecification","valueRequired":true,"valueName":"search_term_string"}}],"inLanguage":"hu"},{"@type":"Organization","@id":"https:\/\/senit.hu\/#organization","name":"Senit - iT, oT, IoT","url":"https:\/\/senit.hu\/","logo":{"@type":"ImageObject","inLanguage":"hu","@id":"https:\/\/senit.hu\/#\/schema\/logo\/image\/","url":"https:\/\/senit.hu\/wp-content\/uploads\/2020\/06\/cropped-cropped-senit_logo-masolat.png","contentUrl":"https:\/\/senit.hu\/wp-content\/uploads\/2020\/06\/cropped-cropped-senit_logo-masolat.png","width":240,"height":240,"caption":"Senit - iT, oT, IoT"},"image":{"@id":"https:\/\/senit.hu\/#\/schema\/logo\/image\/"}}]}},"_links":{"self":[{"href":"https:\/\/senit.hu\/index.php?rest_route=\/wp\/v2\/pages\/132","targetHints":{"allow":["GET"]}}],"collection":[{"href":"https:\/\/senit.hu\/index.php?rest_route=\/wp\/v2\/pages"}],"about":[{"href":"https:\/\/senit.hu\/index.php?rest_route=\/wp\/v2\/types\/page"}],"author":[{"embeddable":true,"href":"https:\/\/senit.hu\/index.php?rest_route=\/wp\/v2\/users\/3"}],"replies":[{"embeddable":true,"href":"https:\/\/senit.hu\/index.php?rest_route=%2Fwp%2Fv2%2Fcomments&post=132"}],"version-history":[{"count":17,"href":"https:\/\/senit.hu\/index.php?rest_route=\/wp\/v2\/pages\/132\/revisions"}],"predecessor-version":[{"id":833,"href":"https:\/\/senit.hu\/index.php?rest_route=\/wp\/v2\/pages\/132\/revisions\/833"}],"wp:attachment":[{"href":"https:\/\/senit.hu\/index.php?rest_route=%2Fwp%2Fv2%2Fmedia&parent=132"}],"curies":[{"name":"wp","href":"https:\/\/api.w.org\/{rel}","templated":true}]}}